be (24/v)/(4/(-50)). Let n(h) = h**2 + 10*h - 6. Let t be n(-11). What is the highest common factor of t and x?
5
Let k be (69 - 2) + 24 + -19. Suppose -37 = -4*m + 155. Calculate the highest common divisor of k and m.
24
Let x be -2 - ((-7078)/18 + 2/9). Let s be 34/x + (-412)/(-23). What is the greatest common divisor of 6 and s?
6
Let d be (-10)/(-6)*(-4 + 1). Let n = -2 - -6. Let w = n - d. What is the greatest common factor of w and 72?
9
Let s = 659 - 599. What is the greatest common factor of 20 and s?
20
Let l = -165 - -199. What is the greatest common divisor of 85 and l?
17
Let d = 89 - -76. Suppose -3*j + 7 = -10*j. Let v(i) = -60*i + 6. Let g be v(j). Calculate the greatest common divisor of g and d.
33
Suppose 5*w + 16 = 4*i, -w - i = -3*w - 4. Suppose 4*g + 2*f - 12 = w, 5*g = 2*f + f + 15. Calculate the highest common factor of g and 6.
3
Let l(k) = -18*k - 7. Let c be l(2). Let n = -23 - c. Calculate the highest common factor of 80 and n.
20
Let d(a) = -a - 1. Let b(w) = -2*w - 9. Let s(z) = -2*b(z) + 6*d(z). Let t be s(5). Suppose 3*n - 80 = -t*n. What is the greatest common divisor of 112 and n?
16
Let a be -2*(20/(-8))/5 - -59. Let g be ((-2)/4)/(3/(-66)). Let z = g + 4. What is the highest common factor of z and a?
15
Suppose -1097 = -17*l + 331. Calculate the highest common factor of 20 and l.
4
Let k(h) = -5*h + 1. Let g be k(-3). Let p be 4/10 - g/(-10). Suppose p*r - 30 = r. Calculate the highest common divisor of 20 and r.
10
Let w(a) = -56 - 28*a + 56. Let o be w(-1). What is the greatest common factor of 4 and o?
4
Let v(t) = 7*t**2 - 3*t + 2. Let g(j) = 20*j**2 - 10*j + 6. Let n(s) = -6*g(s) + 17*v(s). Let r be n(5). Calculate the greatest common factor of 9 and r.
9
Suppose 1106*z - 999 = 1069*z. Suppose 0 = 2*r - 8 - 28. What is the greatest common divisor of r and z?
9
Let o be (-13 - 0)*-4*(-11)/(-22). Calculate the greatest common factor of o and 377.
13
Let z(f) = -21*f. Let y be z(-6). Suppose 2*q - 140 = -3*q. Suppose -3*c - q = -5*c. What is the greatest common factor of c and y?
14
Suppose -g + 701 = -5*z, 4*g - 2*z = -g + 3620. What is the greatest common factor of 66 and g?
66
Let i be 305 - (5/(-5) - -5). Calculate the greatest common factor of i and 129.
43
Let c = -28 + 63. Calculate the highest common factor of 7 and c.
7
Let h be 3/(-2)*-3*(-28)/(-18). Suppose -h*x - 71 = -1331. Calculate the greatest common factor of 45 and x.
45
Let q be (41/3)/(2/(-6)). Let v = 68 + q. Suppose -26*h + 2*h = -216. Calculate the highest common factor of h and v.
9
Let y be 56/(-7) - 0 - -148. Calculate the highest common divisor of y and 500.
20
Let x = 22 + -12. Let r = x + -10. Suppose r = -2*j + 7 - 1. Calculate the highest common divisor of j and 15.
3
Let a be 14*((-1)/(-4) - 425/(-28)). Let i = 34 - 7. What is the highest common divisor of a and i?
27
Let x be 2/(-4*3/(-24)). Suppose x*m + m = 60. Calculate the greatest common factor of m and 30.
6
Suppose 4 = 3*v + 31. Let a be -1*(-2 + v - -1). Calculate the highest common factor of 5 and a.
5
Suppose 5*c + 2*a = 32, 2*a + 11 - 1 = 2*c. What is the greatest common factor of c and 18?
6
Let r = -59 + 124. Let k = r - 57. Calculate the greatest common factor of 32 and k.
8
Suppose 2*p + 4 = 5*l, -13 + 5 = 3*l + 4*p. Suppose l = -10*u + 6*u - 12. Let d be (-32)/(2 + -4) - u. What is the greatest common divisor of d and 95?
19
Suppose 0 = 60*x - 56*x + 36. Let n be (-6)/(-2)*(-129)/x. What is the highest common factor of 387 and n?
43
Suppose 4*y - 6 = 10. Suppose -2*i = -2*p - 36, -y*p + 3*i - 33 = -2*p. Let j = p - -57. What is the greatest common divisor of 6 and j?
6
Suppose 4*c - 2*j - 374 = 0, -4*c = -j + 2*j - 383. Let r = 351 - 161. Suppose 7*y - r = 2*y. Calculate the greatest common divisor of y and c.
19
Suppose 4*j + 4*z = 804, -8*j = -3*j - z - 975. What is the greatest common factor of 70 and j?
14
Let s(g) = g**3 + 10*g**2 - 5*g - 12. Let l be s(-4). What is the highest common divisor of 8 and l?
8
Let n = 27 - 102. Let g = n - -100. Calculate the highest common factor of 225 and g.
25
Let z be (13/1 + 1)*176/88. Let p(u) = 4 + u**3 + u**2 - 10*u**2 - 4*u - 6*u. Let w be p(10). Calculate the greatest common factor of w and z.
4
Let z be 40/(4/(-2 + 4)). Calculate the highest common divisor of 4 and z.
4
Suppose -5*g + 136 = o + 55, -g + 5*o + 11 = 0. What is the greatest common factor of 44 and g?
4
Let h be (-2)/(-18) + 1316/(-18). Let n = h - -116. What is the highest common divisor of 43 and n?
43
Let m(z) = z**3 - 3*z**2 - 6*z - 10. Let j be m(7). What is the greatest common factor of 48 and j?
48
Suppose 2*d + 2*m + 4 = 0, -7*m = -5*d - 2*m + 20. Let a = 3 - d. What is the highest common factor of 4 and a?
2
Suppose 0 = 10*d + 266 - 1946. Calculate the highest common divisor of 1260 and d.
84
Suppose -1964 = 18*h - 8516. What is the greatest common factor of 28 and h?
28
Suppose -3*t - 195 = -6*t. What is the greatest common factor of t and 26?
13
Let u(x) = -x**3 + 3*x**2 - x + 2. Let n be u(-3). Suppose o + 3*j = 3*o - n, -j = 2*o - 39. What is the highest common factor of 77 and o?
11
Let r be (66 - -286)*(-3)/(-6). Let m be (66/9)/(2/6). What is the greatest common divisor of r and m?
22
Let m = -400 - -404. What is the highest common divisor of 10 and m?
2
Suppose 2*g - 49 = -5*t, 4*t = -12*g + 9*g + 42. Let i(s) = s**3 + 4*s**2 - 7*s - 4. Let q be i(-5). Calculate the highest common divisor of q and t.
3
Let v(b) = -b**3 + 7*b**2 + 2. Let o be v(7). Let w = -5 + 13. What is the greatest common divisor of w and o?
2
Suppose 5*y + 34 = f + 18, -2*f - 2*y + 8 = 0. Calculate the greatest common factor of 18 and f.
6
Suppose 2*q - 2654 = -q - 4*n, -2*q = -5*n - 1777. Let m = q - 556. Suppose m = -3*u + 6*u. What is the greatest common factor of u and 10?
10
Suppose -3*t = 2*p - 316, 2*p + 398 = 4*t - 0*p. Suppose t = b - 28. What is the greatest common factor of b and 10?
10
Suppose 4*c - 64 = 3*c - 4*k, 2*c + k = 114. Let p = 19 + -12. What is the greatest common factor of c and p?
7
Suppose -2*j + 3 = -5. Let s be j + -9*(-1)/1. Calculate the greatest common divisor of s and 13.
13
Let x be 3 - (1 + -1 - 13). Suppose 0 = z - 4 + 2, -5*q = -2*z - x. Let k = 34 + -24. What is the highest common factor of k and q?
2
Let c be 6/(-4)*80/(-6). Suppose 287*h - 292*h + 150 = 0. What is the highest common factor of c and h?
10
Let q(s) = -s - 5. Let w be q(-8). Suppose -3*f + n = -9, -2*n + w = -3*f + 3*n. Suppose -120 - 120 = -f*z. Calculate the greatest common divisor of z and 40.
20
Let u(p) = p**2 + 3*p + 1. Let v be u(-2). Let k be v + 16 - (3 - 1). Let y = k - 11. Calculate the greatest common divisor of 4 and y.
2
Let v be (16/6)/(0 - (-10)/255). Calculate the highest common factor of v and 1020.
68
Suppose 4*k = 85 + 363. Suppose 0 = -6*g - 23 + 89. Let h(r) = 3*r - 19. Let o be h(g). What is the greatest common factor of o and k?
14
Suppose 0 = 14*k - 7*k - 49. What is the greatest common divisor of 112 and k?
7
Let m = 1871 + -1263. What is the greatest common divisor of m and 32?
32
Let x be (1/3)/(19/30210). What is the greatest common divisor of x and 10?
10
Let p be 3/15 + (-1358)/(-35). Calculate the highest common divisor of 338 and p.
13
Let a = -1777 + 2597. What is the greatest common factor of 20 and a?
20
Suppose 5*x + 16 = -h, 2*x = x - 3. Let u = h + -3. Let m be ((-10)/u)/((-3)/(-18)). Calculate the greatest common divisor of m and 75.
15
Suppose a - 25 + 11 = 0. Suppose 20*k - 2044 = 196. Calculate the greatest common factor of a and k.
14
Let a = -153 + 165. Suppose b + 5 = 17. What is the highest common factor of a and b?
12
Let n = 41 - 25. Let u = 40 + -24. Calculate the highest common factor of u and n.
16
Let i be (4/(80/(-12)))/((-3)/45). Suppose -i*d + 10*d = 200. Let q(u) = u**2 - u - 5. Let c be q(-5). What is the highest common factor of d and c?
25
Let p = -2415 - -2871. What is the greatest common divisor of p and 1026?
114
Let i be (-3)/6*(-1496)/1. Suppose 0 = -4*k + 4 + i. Let a be (k + 5 + -1)*1. Calculate the highest common divisor of a and 24.
24
Suppose 4*l = -4*m + 2*m + 158, 4*m - 316 = 5*l. Calculate the highest common divisor of 237 and m.
79
Let v(h) = h**3 - 20*h**2 + 6*h - 74. Let i be v(20)